st the prime factors of a.
2, 3
Let y = -41 - -60. Let t = y + 10. Suppose 5*a = 2*a + 5*r + 5, -5*a + t = 2*r. What are the prime factors of a?
5
Suppose -2*p - 2*d = 0, -3*d = -0*d. Let n = p - 0. Suppose n*b = -4*b + 44. List the prime factors of b.
11
Suppose -c = -5*v - 106, -2*c + 0*v + 2*v + 204 = 0. List the prime factors of c.
101
Let y = -11 - -49. What are the prime factors of y?
2, 19
Suppose -f + 2*f + 18 = 3*m, 2*f - 14 = -4*m. List the prime factors of ((-368)/(-20))/4*m.
23
Let o be 2/2*(0 - -1). Let r be (o - 2)*-23*1. Suppose -7 = 2*k - r. List the prime factors of k.
2
Suppose -3*d + 18 = -0*d. List the prime factors of 205/4 + d/(-24).
3, 17
Let a(t) = -6*t**3 + 8*t**2 + 8. Let c(d) = d**3 - d - 1. Let i(o) = a(o) + 5*c(o). Let w be i(7). List the prime factors of w + -2 + 3 + -1.
17
What are the prime factors of ((-9)/6)/(1/(-46))?
3, 23
Suppose 0 = 4*m - 7*m + 195. What are the prime factors of m?
5, 13
What are the prime factors of (60/8*4)/1?
2, 3, 5
Let o = -11 - -16. Suppose 3*u = o*h + 23, -1 = -u - 0*u - 5*h. List the prime factors of (51/u)/((-2)/(-4)).
17
Let u(w) = -w**2 - 5*w + 6. Let v be u(9). Let h be v/(-9) + (-4)/(-6). Let i = 23 - h. List the prime factors of i.
3
Let b(s) = s**2 - 7*s + 9. Let y be b(6). Let p be -6*y*(-6)/27. What are the prime factors of p/(-2) - (-14)/2?
5
Let s be -7 + 2 + 1 + -4. Let y = s + 13. Suppose y*w - 12 = 2*w. List the prime factors of w.
2
Suppose -2*t + 0 = -28. Suppose 3*o - t = 4*b, 4*b + 5 = 21. What are the prime factors of o?
2, 5
Suppose -6*z - 52 = -10*z. What are the prime factors of z?
13
Let h(s) = 2*s - 1. Let r be 2/(-4) - (-5)/2. Let k be (-1 - -10)/(3/r). What are the prime factors of h(k)?
11
Let n(q) = q**2 + 2*q + 92. What are the prime factors of n(0)?
2, 23
Let n(z) be the first derivative of -11*z**2/2 - 2*z - 5. Let l be n(-4). Suppose -l + 108 = 3*d. List the prime factors of d.
2, 11
Suppose -3 - 7 = -5*a. List the prime factors of (a - 7)*12/(-15).
2
Let p = -81 + 159. Suppose i = -2*i + p. What are the prime factors of i?
2, 13
Let v = 5 - 3. Let p be (-3)/6*v - -2. List the prime factors of p/4 - 23/(-4).
2, 3
List the prime factors of 12/(-3) + (2 - -5).
3
Let h(u) = -6*u + 5. What are the prime factors of h(-7)?
47
Suppose 0 = -5*g - 5 - 25. Let i = g + 6. Suppose 0 = -5*t + x + 17, i = -t - t + 4*x - 4. What are the prime factors of t?
2
Suppose -30 = -6*w + w. What are the prime factors of w/(-12)*-3*8?
2, 3
Let j be ((-6)/(-4))/(3/28). Suppose 0 = -0*s - s + 4*i + j, i = 4*s - 11. Suppose -s*p = -3*p + 5. What are the prime factors of p?
5
List the prime factors of 183/6 + 2/4.
31
Let g(i) be the third derivative of i**5/20 - i**4/12 + i**2. Let d = 17 - 19. List the prime factors of g(d).
2
Suppose -3*y = -5*y + 22. What are the prime factors of y?
11
Let n be ((-22)/4)/((-2)/(-4)). Let w = 44 + n. Suppose -c + 4*c = w. What are the prime factors of c?
11
Let y(f) = -f**2 + 3*f + 5. List the prime factors of y(0).
5
Let d be (1 + -2)*-1 - -10. Suppose 0 = z - 3*o - d, -5*z + 3*o + 22 = -3*z. What are the prime factors of z?
11
Suppose 4*b = 3*q - 122, b + 41 = -0*q + q. What are the prime factors of q?
2, 3, 7
Let t(l) be the second derivative of l**4/4 + l**3/2 + 3*l**2/2 - 3*l. What are the prime factors of t(-3)?
3, 7
Let x(t) = -2*t**3 - 5*t**2 - 4*t + 2. List the prime factors of x(-4).
2, 3, 11
Let u(d) = -13*d**3 + d + 1. Let k(g) = -19*g**3 + 2*g + 2. Let c(n) = 5*k(n) - 7*u(n). What are the prime factors of c(-2)?
29
Let t(l) = -l**2 + l**3 + 0*l**2 - 4*l - 2 + 5*l. Let f be t(2). Suppose 4*h = f*u - 24, -4*h + 6 = -6. List the prime factors of u.
3
Suppose 11 = 2*w - 0*n + n, -5*w - 4*n + 32 = 0. Suppose -10 = -y - w*y. Suppose l = 4*a + 26, 5*l - y*a - 36 = 4. List the prime factors of l.
2, 3
Let p(c) = -c**2 + 2*c + 6. Let o be p(-4). What are the prime factors of o*1*(-2)/6?
2, 3
Suppose -12*x + 4716 = 6*x. List the prime factors of x.
2, 131
Suppose 0 = 3*d - 176 - 58. What are the prime factors of d?
2, 3, 13
What are the prime factors of 4 + -7 + 7 - 17*-5?
89
Let z = -3 + -1. Let d = 7 + z. Suppose 2*v - 6 = -4*w - 0, 0 = -2*v + d*w + 20. What are the prime factors of v?
7
Let q = 29 + -31. Suppose 2*r + r = -u - 13, 11 = -u - 2*r. Let c = q - u. What are the prime factors of c?
5
Let g = 5 + -10. What are the prime factors of 3/15 + (-9)/g?
2
Let d(k) = -3*k - 3. Let t be d(-6). Suppose -6*m + m + t = 0. Let u = m + 0. List the prime factors of u.
3
Suppose -5*r - 3*n + 262 = 0, 251 = 4*r - 4*n + 35. What are the prime factors of r?
53
Let j(h) = h**2 - 7*h - 8. List the prime factors of j(11).
2, 3
Let g(n) = n + 11. Let x be g(-9). Let c be x/6 - 94/(-6). Let b = -9 + c. What are the prime factors of b?
7
Let a(k) = -k**3 - 12*k**2 - 12*k - 5. Let p be a(-11). Suppose 0 = 4*x - p*x + 6. List the prime factors of x.
3
Let y = -34 + 149. Suppose -2*o = -k - y, o + 4*k - 61 = k. Suppose 4*x = o - 14. What are the prime factors of x?
11
Let x(r) = r**3 + 3*r**2 - 1. Let o be x(-2). Let u(j) = -j**3 + 7*j**2 - 3*j. Let h be u(6). Suppose h = -o*m + 51. List the prime factors of m.
11
Let x(f) = f**2 + 3*f - 6. Let g be x(6). Let y = -3 - -7. Suppose -y*l = -8*l + g. List the prime factors of l.
2, 3
Suppose 0*t + t = 0. Let v be (-9 - -2)*1*48/(-56). Let z = v - t. List the prime factors of z.
2, 3
Suppose -16 = -2*z - g, g + 0 = 3*z - 14. What are the prime factors of (z/5)/(3/10)?
2
Let d(a) = a + 1. Suppose s = -0*s + 3. Suppose 2*n + n = t - 17, -t = s*n + 1. What are the prime factors of d(t)?
3
Let u = 90 - 49. Suppose -14*i = -15*i + u. List the prime factors of i.
41
Suppose 18 - 388 = 5*v. Let i = -42 - v. What are the prime factors of i?
2
Let d(u) = -26*u - 22. List the prime factors of d(-6).
2, 67
Let m = 10 + -12. What are the prime factors of (m/(-6))/((-12)/(-900))?
5
Suppose -4*p - 2*l = -p + 10, -p - 2*l = 6. Let n = 4 + p. Suppose -n*s - f = -2, 0 = -3*f - 19 + 7. What are the prime factors of s?
3
Let q(v) = -3*v - 7. Suppose -4*f - 35 = f. Let r be q(f). Let h = r + -9. What are the prime factors of h?
5
Let m be 4 + -5 + -1 + 4. Suppose -12 = -m*f - 2*f. Suppose -2*v - 11 = -f*v. What are the prime factors of v?
11
Suppose 2*b - 8 = -2*b. List the prime factors of (0 - (-1 - 0))*b.
2
Let k be (-6 + 1)*(-102)/85. Suppose k = -0*q + 3*q. What are the prime factors of q?
2
Let p(t) = -5*t - 3. Suppose 14 = -6*f + 4*f - z, -f - 10 = 2*z. List the prime factors of p(f).
3
Let x(h) = 21*h**2 + 1 + 18*h**2 + 0 - 3*h**2. List the prime factors of x(1).
37
Let v be (-3 + 0)/(18/(-24)). Suppose 0 = 5*d + 3*o - 40, 2*d + 10 = -5*o + 26. Let k = d + v. What are the prime factors of k?
2, 3
List the prime factors of 20/(-4)*(-1)/((-20)/(-488)).
2, 61
Suppose 3*r + 201 = 2*f - 2*r, -5*f - r = -435. List the prime factors of f.
2, 11
Let s(q) = -2*q - 16. Let x be s(-11). Suppose x + 36 = 3*g + 5*o, -51 = -4*g - 5*o. List the prime factors of g.
3
Let x(j) = -j - 2. Suppose -3*z + 15 = 9. Suppose z*k = 6*k + 24. What are the prime factors of x(k)?
2
Suppose b = -7*b + 208. What are the prime factors of b?
2, 13
Let q(r) = -r**3 - 4*r**2 - 12*r - 8. What are the prime factors of q(-5)?
7, 11
List the prime factors of 45/1 + (0 - 0).
3, 5
Let o(i) be the third derivative of -i**4/6 - i**3/3 - 4*i**2. What are the prime factors of o(-4)?
2, 7
Let j(s) = -3*s + 3. Let t(r) = -8*r + 8. Let v(x) = -11*j(x) + 4*t(x). Let c be v(0). Let b = c - -6. What are the prime factors of b?
5
Suppose 4*q = -62 + 222. List the prime factors of q.
2, 5
Let y = -250 + 353. List the prime factors of y.
103
Let m = 1 + -1. List the prime factors of -1 + 3 - (0 + m).
2
Let r = -28 + 45. Suppose -x - 2*x = -2*a - r, -2*x + 5 = 5*a. List the prime factors of x.
5
Suppose 2*k - 6*k = 20. Let b = k + 15. List the prime factors of b.
2, 5
Suppose 4*j - 55 = 57. List the prime factors of j.
2, 7
Let l(s) = 4*s**2 - 3*s + 7. Let d(f) = 5*f**2 + f. Let a be d(-1). List the prime factors of l(a).
59
Suppose -o = 3*o - 104. Suppose -3*i = -5 + 59. Let d = i + o. List the prime factors of d.
2
Suppose -6 = z + 2*z. Let r = 24 - 17. Let i = r + z. List the prime factors of i.
5
Suppose -4*p + 2*f + 176 = 0, -2*f + 0*f - 222 = -5*p. What are the prim